3?
0
Calculate the remainder when 12014 is divided by 15.
14
What is the remainder when 95 is divided by 66?
29
What is the remainder when 669 is divided by 32?
29
What is the remainder when 1301 is divided by 93?
92
What is the remainder when 215 is divided by 56?
47
Calculate the remainder when 2538 is divided by 20.
18
Calculate the remainder when 47721 is divided by 123.
120
Calculate the remainder when 2351 is divided by 38.
33
Calculate the remainder when 127 is divided by 68.
59
What is the remainder when 1265 is divided by 212?
205
Calculate the remainder when 299 is divided by 12.
11
Calculate the remainder when 1087 is divided by 290.
217
Calculate the remainder when 3528 is divided by 353.
351
Calculate the remainder when 47 is divided by 4.
3
Calculate the remainder when 1506 is divided by 189.
183
What is the remainder when 6263 is divided by 16?
7
Calculate the remainder when 6029 is divided by 90.
89
What is the remainder when 2006 is divided by 9?
8
What is the remainder when 1060 is divided by 152?
148
Calculate the remainder when 413 is divided by 54.
35
What is the remainder when 200 is divided by 189?
11
What is the remainder when 290 is divided by 96?
2
Calculate the remainder when 401 is divided by 196.
9
What is the remainder when 283 is divided by 13?
10
What is the remainder when 796 is divided by 134?
126
What is the remainder when 237 is divided by 58?
5
What is the remainder when 14 is divided by 4?
2
What is the remainder when 692 is divided by 29?
25
What is the remainder when 95 is divided by 7?
4
What is the remainder when 643 is divided by 163?
154
Calculate the remainder when 43 is divided by 9.
7
What is the remainder when 150 is divided by 40?
30
What is the remainder when 15310 is divided by 33?
31
What is the remainder when 126 is divided by 47?
32
What is the remainder when 406 is divided by 24?
22
What is the remainder when 83 is divided by 25?
8
What is the remainder when 9198 is divided by 3063?
9
What is the remainder when 98 is divided by 6?
2
Calculate the remainder when 2195 is divided by 58.
49
What is the remainder when 154 is divided by 13?
11
Calculate the remainder when 48 is divided by 37.
11
Calculate the remainder when 114 is divided by 59.
55
What is the remainder when 119 is divided by 15?
14
What is the remainder when 154 is divided by 12?
10
What is the remainder when 14379 is divided by 51?
48
What is the remainder when 279 is divided by 148?
131
What is the remainder when 234 is divided by 102?
30
Calculate the remainder when 225 is divided by 19.
16
What is the remainder when 970 is divided by 323?
1
What is the remainder when 3224 is divided by 190?
184
Calculate the remainder when 583 is divided by 54.
43
Calculate the remainder when 765 is divided by 13.
11
Calculate the remainder when 223 is divided by 23.
16
What is the remainder when 4785 is divided by 38?
35
Calculate the remainder when 2711 is divided by 142.
13
Calculate the remainder when 55 is divided by 31.
24
Calculate the remainder when 112 is divided by 22.
2
Calculate the remainder when 346 is divided by 104.
34
Calculate the remainder when 5467 is divided by 33.
22
What is the remainder when 2723 is divided by 211?
191
What is the remainder when 27990 is divided by 129?
126
What is the remainder when 4339 is divided by 26?
23
What is the remainder when 4047 is divided by 50?
47
What is the remainder when 72 is divided by 11?
6
What is the remainder when 34 is divided by 23?
11
What is the remainder when 59933 is divided by 32?
29
Calculate the remainder when 279 is divided by 71.
66
What is the remainder when 1761 is divided by 43?
41
Calculate the remainder when 82 is divided by 30.
22
What is the remainder when 408 is divided by 103?
99
What is the remainder when 21887 is divided by 53?
51
Calculate the remainder when 3054 is divided by 306.
300
Calculate the remainder when 53 is divided by 45.
8
Calculate the remainder when 189 is divided by 2.
1
What is the remainder when 407 is divided by 51?
50
What is the remainder when 200 is divided by 51?
47
Calculate the remainder when 5583 is divided by 16.
15
What is the remainder when 43 is divided by 9?
7
Calculate the remainder when 5975 is divided by 72.
71
What is the remainder when 233 is divided by 18?
17
What is the remainder when 1299 is divided by 46?
11
Calculate the remainder when 2746 is divided by 126.
100
What is the remainder when 394 is divided by 44?
42
What is the remainder when 1364 is divided by 21?
20
Calculate the remainder when 368 is divided by 75.
68
Calculate the remainder when 5469 is divided by 171.
168
What is the remainder when 5399 is divided by 150?
149
What is the remainder when 678 is divided by 138?
126
Calculate the remainder when 624 is divided by 56.
8
Calculate the remainder when 374 is divided by 109.
47
Calculate the remainder when 541 is divided by 113.
89
What is the remainder when 754 is divided by 84?
82
Calculate the remainder when 519 is divided by 10.
9
Calculate the remainder when 105 is divided by 30.
15
What is the remainder when 134 is divided by 32?
6
What is the remainder when 282 is divided by 139?
4
What is the remainder when 4685 is divided by 211?
43
What is the remainder when 1649 is divided by 127?
125
Calculate the remainder when 49 is divided by 29.
20
What is the remainder when 18422 is divided by 267?
266
Calculate the remainder when 3105 is divided by 42.
39
Calculate the remainder when 40 is divided by 11.
7
What is the remainder when 183 is divided by 31?
28
Calculate the remainder when 805 is divided by 387.
31
Calculate the remainder when 524 is divided by 106.
100
Calculate the remainder when 1827 is divided by 10.
7
Calculate the remainder when 159 is divided by 6.
3
What is the remainder when 481 is divided by 227?
27
What is the remainder when 204 is divided by 118?
86
What is the remainder when 542 is divided by 189?
164
Calculate the remainder when 4800 is divided by 6.
0
What is the remainder when 755 is divided by 12?
11
What is the remainder when 184 is divided by 11?
8
What is the remainder when 356 is divided by 17?
16
What is the remainder when 900 is divided by 34?
16
Calculate the remainder when 3879 is divided by 10.
9
What is the remainder when 175 is divided by 11?
10
What is the remainder when 57 is divided by 20?
17
Calculate the remainder when 46884 is divided by 34.
32
What is the remainder when 28 is divided by 15?
13
Calculate the remainder when 1505 is divided by 173.
121
Calculate the remainder when 253 is divided by 30.
13
What is the remainder when 965 is divided by 21?
20
What is the remainder when 50 is divided by 16?
2
Calculate the remainder when 687 is divided by 63.
57
What is the remainder when 2318 is divided by 18?
14
Calculate the remainder when 616 is divided by 39.
31
What is the remainder when 337 is divided by 80?
17
Calculate the remainder when 105 is divided by 27.
24
What is the remainder when 16 is divided by 8?
0
Calculate the remainder when 117 is divided by 30.
27
What is the remainder when 23278 is divided by 14?
10
Calculate the remainder when 20 is divided by 9.
2
What is the remainder when 4265 is divided by 18?
17
Calculate the remainder when 179 is divided by 84.
11
Calculate the remainder when 246 is divided by 88.
70
Calculate the remainder when 233 is divided by 47.
45
Calculate the remainder when 141 is divided by 53.
35
Calculate the remainder when 5212 is divided by 66.
64
Calculate the remainder when 466 is divided by 462.
4
Calculate the remainder when 2033 is divided by 57.
38
What is the remainder when 65 is divided by 34?
31
Calculate the remainder when 30 is divided by 22.
8
Calculate the remainder when 349 is divided by 22.
19
Calculate the remainder when 813 is divided by 267.
12
What is the remainder when 324 is divided by 13?
12
What is the remainder when 239 is divided by 61?
56
Calculate the remainder when 159 is divided by 22.
5
What is the remainder when 86 is divided by 27?
5
Calculate the remainder when 1661 is divided by 98.
93
What is the remainder when 132 is divided by 16?
4
What is the remainder when 264 is divided by 141?
123
Calculate the remainder when 941 is divided by 323.
295
What is the remainder when 273 is di